ase 9, what is -43657148 + 43?
-43657105
In base 2, what is 111000000000100 - -1101110110100?
1000101110111000
In base 16, what is -10d81 - 5cd?
-1134e
In base 3, what is -10122 + 122112101201?
122112021002
In base 13, what is -2444 - -1032?
-1412
In base 16, what is 20dfef + -1?
20dfee
In base 10, what is 3073693 - -37?
3073730
In base 6, what is 13 - 133520000?
-133515543
In base 11, what is 3296 - -5852?
9038
In base 14, what is 149 + -1a7a6?
-1a65b
In base 4, what is -132123022123133 - -10?
-132123022123123
In base 3, what is 102011202120 - -121?
102011210011
In base 9, what is -577 + -24721?
-25408
In base 6, what is 10125311 + -14015?
10111252
In base 10, what is 3 - 6424001?
-6423998
In base 4, what is -13210330000 - -120?
-13210323220
In base 16, what is 3 - -21ffa8c?
21ffa8f
In base 16, what is -8aa827 + -58?
-8aa87f
In base 3, what is 1021 + -1020121021221?
-1020121020200
In base 10, what is 24884021 + -8?
24884013
In base 3, what is 101001001200 + -202120?
101000022010
In base 15, what is d - -32890b?
328919
In base 3, what is 100002120201 - -200?
100002121101
In base 5, what is 204412 - 21011?
133401
In base 6, what is -14210 + -530204?
-544414
In base 2, what is 10001011001000 + 100010000?
10001111011000
In base 9, what is 500378 - 672?
488606
In base 3, what is 220222201 - -2001120?
1000001021
In base 11, what is 3 + -133073a?
-1330737
In base 3, what is 22 - 200222120110?
-200222120011
In base 3, what is -2012100222 + 220201?
-2011110021
In base 13, what is 113287 + -28?
11325c
In base 5, what is -123314220043 - -4?
-123314220034
In base 6, what is -5140331 - 21?
-5140352
In base 13, what is 5 - -35cbbc?
35cbc4
In base 2, what is 11001110010 - 1000110010111101?
-1000011001001011
In base 15, what is d085 - 281?
cd04
In base 8, what is -2147205 + -736?
-2150143
In base 6, what is -2152 + -30504003?
-30510155
In base 2, what is 11101100011111 + 1101111?
11101110001110
In base 4, what is -100103 - 132203?
-232312
In base 13, what is 74200 + 29?
74229
In base 11, what is -a3837988 - -2?
-a3837986
In base 11, what is -1a + -116a143?
-116a162
In base 7, what is -5101415 - 11?
-5101426
In base 15, what is -1c29 + -191?
-1dba
In base 12, what is 214 - 68686?
-68472
In base 16, what is 3 - -75d73db?
75d73de
In base 15, what is 0 - -1144898b?
1144898b
In base 15, what is -58 + 201a5?
2014c
In base 5, what is -24 - -10020244100?
10020244021
In base 13, what is 3391 - 66?
3328
In base 16, what is -f - bd1da5?
-bd1db4
In base 15, what is -1b76723 + -1?
-1b76724
In base 13, what is -39050 - -762?
-385bb
In base 14, what is -28 + -7b35d1?
-7b3619
In base 4, what is -1101232 - 1122210?
-2230102
In base 2, what is 1010011 + 11001000111110010000?
11001000111111100011
In base 2, what is 1110 + 1110110000000001001?
1110110000000010111
In base 8, what is -3567 + -136336?
-142125
In base 11, what is -6a1 + -1370?
-1a61
In base 6, what is -130 + 40511?
40341
In base 7, what is -1162 + 30243?
26051
In base 6, what is 44124340342 - 0?
44124340342
In base 15, what is 5 - 6663d5?
-6663d0
In base 16, what is d1 - 10091?
-ffc0
In base 9, what is -83 + 7310118?
7310025
In base 5, what is 4132 + -2232430?
-2223243
In base 14, what is -73658c2 + 9?
-73658b7
In base 16, what is -1b46 + -55c?
-20a2
In base 7, what is -4 + 1002440032?
1002440025
In base 12, what is 225a545 - -2?
225a547
In base 2, what is 1010111111101110001110 - 1010?
1010111111101110000100
In base 3, what is 20201220 + -1122211222?
-1102010002
In base 13, what is 66 - 133b3c?
-133aa6
In base 11, what is -1239 + -1322?
-2560
In base 8, what is 2674463253 - 5?
2674463246
In base 5, what is -20322314 + 21414?
-20300400
In base 4, what is -103013 - -12213310?
12110231
In base 7, what is -30504363 + 350?
-30504013
In base 4, what is 10 + 1211113312223?
1211113312233
In base 3, what is 121221122210 + 11?
121221122221
In base 13, what is 6 - 5604c4?
-5604bb
In base 16, what is 34cf49c + -3?
34cf499
In base 7, what is 21 + -10056260?
-10056236
In base 16, what is 303b96 - 0?
303b96
In base 7, what is -25 - -5163603?
5163545
In base 2, what is -1011111110011001111111 + -11010?
-1011111110011010011001
In base 9, what is 22221 + -1468?
20642
In base 9, what is -2 + 1007237210?
1007237207
In base 4, what is 0 + -12101103022202?
-12101103022202
In base 5, what is 1402241 + -13310?
1333431
In base 8, what is -7 - 260553515?
-260553524
In base 15, what is 423 + 1566?
1989
In base 6, what is -44303 + 13520?
-30343
In base 14, what is 11516b - 4?
115167
In base 11, what is 509 + -183991?
-183483
In base 14, what is aa71aab + -2?
aa71aa9
In base 10, what is 66113152 + -3?
66113149
In base 16, what is -7 - 88889c?
-8888a3
In base 6, what is 3314 - -334504?
342222
In base 15, what is -3 + -352ba8?
-352bab
In base 2, what is -110100101111010 - 1010101100100110?
-10001010010100000
In base 2, what is 1101011 + -110000010110110?
-110000001001011
In base 13, what is -1 + 9a584?
9a583
In base 5, what is 3 - 11212332420?
-11212332412
In base 14, what is 1551 - 16935?
-153c4
In base 7, what is 25 + 12363563?
12363621
In base 11, what is -934 + 85a98?
85164
In base 9, what is -110 - 31601?
-31711
In base 10, what is -189196 - 18?
-189214
In base 10, what is -721693 + -49?
-721742
In base 15, what is 3 - 14ce14?
-14ce11
In base 10, what is 310 + -3035?
-2725
In base 7, what is -12532115 + 2?
-12532113
In base 11, what is -2232 - 644?
-2876
In base 5, what is 33201020 - 3144?
33142321
In base 14, what is -3618 - -3d5?
-3223
In base 14, what is c8a + 3?
c8d
In base 14, what is 11b50 - -697?
12407
In base 5, what is -4134033 + -1100?
-4140133
In base 6, what is -4020310 - 114?
-4020424
In base 4, what is 3301 - -20131113?
20201020
In base 2, what is -1011100010010110110 + 111010101?
-1011100001011100001
In base 4, what is 13 - 10120323122000?
-10120323121321
In base 2, what is 10 + 11111111001111010001100111?
11111111001111010001101001
In base 10, what is -1 + -1240593?
-1240594
In base 2, what is -101100111111100 + 110?
-101100111110110
In base 10, what is 539 - 39496?
-38957
In base 2, what is -1000000111111 + 111100010?
-111001011101
In base 2, what is 111010000 - 1010000000110?
-1001000110110
In base 16, what is e1ac62b + -2?
e1ac629
In base 6, what is 12 - -4040250301?
4040250313
In base 6, what is 5 - -104331345?
104331354
In base 16, what is e - -d367a?
d3688
In base 10, what is 287 + 2256?
2543
In base 8, what is -130 + 1215135?
1215005
In base 8, what is 436 - 21331?
-20673
In base 8, what is -3 - -225677162?
225677157
In base 16, what is -d6d8 - -155?
-d583
In base 3, what is -111 + -1201121120221101?
-1201121120221212
In base 5, what is -13204230214 - -3?
-13204230211
In base 4, what is -1211122113 + -33?
-1211122212
In base 10, what is 1295215 - 10?
1295205
In base 7, what is 3031 + 162506?
165540
In base 11, what is -41 + -62059a6?
-6205a37
In base 11, what is 4a252 - -486?
4a728
In base 7, what is -2116 - -20001?
14552
In base 14, what is -55a + -19a0a7?
-19a623
In base 3, what is -120122111010110 - -112?
-120122111002221
In base 15, what is 6e0 - d458?
-cc68
In base 10, what is 34484828 - 4?
34484824
In base 14, what is 1085bd - -5?
1085c4
In base 13, what is -182b + 4923?
30c5
In base 9, what is 0 - 8854411?
-8854411
In base 8, what is 5745657 - -3?
5745662
In base 16, what is 4db06 + 5de?
4e0e4
In base 8, what is -17252205 - -30?
-17252155
In base 8, what is -7234 - -6245?
-767
In base 10, what is -431 - -4751?
4320
In base 9, what is -468544 + 6?
-468537
In base 5, what is -213 + 44202004?
44201241
In base 15, what is -290b - 36e22?
-3982d
In base 5, what is -4024443 - -2310?
-4022133
In base 14, what is -29 - 1a3a75?
-1a3aa0
In base 6, what is 204243535 - -5?
204243544
In base 8, what is -4123140 - -37?
-4123101
In base 14, what is -1 + 261554b4?
261554b3
In base 7, what is -205 - -2064?
1556
In base 13, what is 1019 - -39714?
3a730
In base 5, what is -11034330210 + 2?
-11034330203
In base 15, what is 7 + 1b2460?
1b2467
In base 8, what is -25474537 + -5?
-25474544
In base 14, what is 7 - 8686d4d?
-8686d46
In base 7, what is -10 - -46013024?
46013014
In base 9, what is -21 - -826715?
826684
In base 6, what is -51 - -5102250?
5102155
In base 2, what is 100001011001100010111 + 1011?
100001011001100100010
In